48 and 13368751.
11
What is the greatest common divisor of 3103093 and 21?
7
What is the highest common factor of 70146344 and 2512?
1256
Calculate the highest common divisor of 1424 and 1505969.
89
Calculate the highest common divisor of 1444694 and 374.
34
Calculate the greatest common factor of 14085 and 149244660.
14085
Calculate the highest common divisor of 164010 and 2801589.
1491
Calculate the highest common divisor of 257 and 66149.
1
Calculate the greatest common divisor of 525591 and 12969.
99
Calculate the highest common factor of 516 and 282863460.
516
Calculate the highest common factor of 313026 and 39382.
406
What is the highest common factor of 89921 and 95537?
13
What is the highest common divisor of 3002923 and 3729?
11
Calculate the highest common factor of 1296195817 and 3241.
3241
Calculate the greatest common divisor of 39441275 and 1700.
425
What is the highest common divisor of 11021 and 23690?
103
Calculate the greatest common divisor of 8058 and 1811775.
51
What is the greatest common divisor of 2351274 and 3732?
6
Calculate the greatest common factor of 223 and 82209619.
223
Calculate the greatest common factor of 120 and 1472119860.
60
Calculate the greatest common factor of 15 and 529765.
5
Calculate the greatest common factor of 264459797 and 35.
7
Calculate the highest common divisor of 1534 and 2329379.
767
What is the greatest common divisor of 1066261 and 2677678?
8017
What is the highest common factor of 337 and 6504437?
337
What is the highest common divisor of 2543736 and 1302?
186
What is the greatest common divisor of 4577517 and 105?
21
What is the highest common factor of 682 and 1493547?
11
What is the highest common divisor of 794252280 and 240?
120
What is the greatest common factor of 145315264 and 704?
64
Calculate the greatest common divisor of 737 and 38319779.
67
What is the highest common divisor of 9438 and 8615178?
858
Calculate the greatest common divisor of 3046 and 32362227.
1523
What is the greatest common divisor of 16464990 and 35?
5
Calculate the highest common divisor of 31504 and 28432.
16
What is the greatest common divisor of 3351549 and 1161?
129
What is the highest common factor of 328 and 466544?
8
What is the highest common factor of 87968 and 14752?
32
What is the greatest common divisor of 105 and 6610025?
5
What is the greatest common factor of 77858 and 8294?
22
What is the greatest common factor of 38642581 and 455141?
11101
Calculate the highest common divisor of 262 and 1077065363.
131
What is the greatest common factor of 11868277 and 55409?
827
What is the greatest common factor of 2192015 and 597310?
5635
What is the highest common factor of 1909 and 1259359?
83
What is the highest common factor of 6282 and 422967060?
6282
Calculate the highest common divisor of 664 and 24218072.
664
Calculate the highest common divisor of 1080 and 47925140.
20
Calculate the highest common divisor of 1854944 and 3968.
32
What is the greatest common divisor of 2055 and 877793935?
685
What is the highest common divisor of 1171977864 and 12?
12
What is the greatest common factor of 76 and 41009581?
19
Calculate the greatest common factor of 31124040 and 3464.
3464
Calculate the highest common divisor of 9995 and 226692597.
1999
What is the highest common factor of 74522 and 301?
7
What is the greatest common factor of 521994 and 8954?
242
What is the highest common divisor of 96 and 40722498?
6
What is the highest common divisor of 72340 and 1825?
5
What is the greatest common divisor of 15260 and 551507845?
3815
What is the greatest common factor of 29057930 and 5740?
410
What is the greatest common divisor of 28 and 283384094?
14
Calculate the highest common divisor of 82432 and 153888.
224
Calculate the greatest common factor of 8283302 and 84971.
2741
Calculate the greatest common factor of 295 and 242190.
5
What is the greatest common divisor of 8386214 and 6624?
46
What is the highest common divisor of 132005957 and 52703?
7529
Calculate the greatest common factor of 20304 and 43818476.
188
What is the greatest common divisor of 145996 and 297755?
1921
What is the highest common factor of 1390077 and 6071?
13
What is the greatest common divisor of 300 and 28118175?
75
What is the greatest common divisor of 510 and 1504410?
30
What is the highest common divisor of 43 and 4092095774?
43
What is the highest common divisor of 195115666 and 579?
193
What is the greatest common divisor of 20618 and 289262?
122
Calculate the highest common divisor of 56470979 and 9347.
719
What is the greatest common factor of 1404074700 and 1420?
1420
What is the highest common factor of 133209 and 304?
19
Calculate the highest common factor of 12652 and 624335081.
3163
What is the highest common factor of 77924 and 3996112?
92
What is the highest common divisor of 405858798 and 3618?
1206
What is the highest common divisor of 21783 and 2055?
411
What is the greatest common divisor of 15 and 35543085?
15
Calculate the highest common factor of 841464 and 51272.
3016
Calculate the highest common factor of 91899445 and 55.
55
Calculate the highest common factor of 73689 and 16819.
121
What is the greatest common factor of 4 and 10956196?
4
Calculate the greatest common divisor of 286192 and 2348064.
496
What is the highest common factor of 17675 and 301444600?
2525
Calculate the highest common divisor of 8500688 and 224.
112
Calculate the greatest common factor of 396 and 10071996.
132
What is the highest common factor of 2075014 and 39974?
3634
What is the greatest common divisor of 378690 and 1115010?
390
Calculate the highest common divisor of 703 and 430498219.
703
Calculate the greatest common factor of 104949 and 34710.
39
What is the highest common divisor of 387 and 1247128011?
387
Calculate the highest common factor of 190317150 and 6.
6
Calculate the highest common factor of 24512 and 82912.
32
What is the highest common divisor of 18341826 and 18?
6
What is the highest common factor of 158994 and 28551402?
2178
Calculate the highest common divisor of 6981388 and 632.
316
Calculate the highest common divisor of 192107 and 693873.
31
What is the highest common divisor of 67547670 and 870?
870
What is the greatest common divisor of 1280 and 37798720?
320
Calculate the greatest common divisor of 44616 and 101376.
264
Calculate the highest common divisor of 193111 and 2059.
29
Calculate the greatest common factor of 1071412 and 376.
188
Calculate the highest common divisor of 1284 and 18918028.
428
What is the highest common divisor of 52262 and 49168?
14
What is the highest common divisor of 463 and 17029603?
463
Calculate the highest common divisor of 13357 and 264803.
19
Calculate the highest common divisor of 4497083 and 2369.
103
What is the greatest common divisor of 23569 and 27280211?
1813
What is the greatest common divisor of 140 and 1215340?
140
What is the greatest common divisor of 1250 and 13236875?
625
Calculate the highest common factor of 31510 and 10553110.
1370
What is the highest common factor of 2035 and 72520?
185
Calculate the greatest common factor of 332011070 and 3206.
458
Calculate the highest common divisor of 648 and 19544292.
36
Calculate the highest common divisor of 816704 and 36736.
448
Calculate the greatest common factor of 117 and 12259.
13
Calculate the greatest common factor of 1050945 and 45213.
21
Calculate the highest common factor of 60844108 and 230.
46
What is the highest common factor of 980 and 30579680?
20
Calculate the highest common divisor of 6452 and 83558239.
1613
What is the highest common factor of 275 and 418025225?
25
What is the greatest common divisor of 1618578 and 312?
78
What is the greatest common divisor of 73696 and 46389?
329
What is the highest common factor of 7264 and 6335116?
908
Calculate the highest common divisor of 28107 and 2898491.
347
Calculate the greatest common divisor of 33145 and 14525086.
947
Calculate the greatest common divisor of 933582 and 2288.
26
Calculate the highest common factor of 190907 and 412913.
227
What is the greatest common factor of 255 and 4976682?
51
What is the highest common factor of 24840 and 139896?
72
What is the greatest common factor of 1026 and 393864?
6
Calculate the highest common div